{"id":135,"date":"2020-03-05T10:50:11","date_gmt":"2020-03-05T09:50:11","guid":{"rendered":"http:\/\/www.lalpaga-superbesse.fr\/?page_id=135"},"modified":"2024-12-16T21:47:53","modified_gmt":"2024-12-16T20:47:53","slug":"chambre-teleski","status":"publish","type":"page","link":"http:\/\/www.lalpaga-superbesse.fr\/index.php\/chambre-teleski\/","title":{"rendered":"Chambre T\u00e9l\u00e9ski"},"content":{"rendered":"\n<figure class=\"wp-block-gallery has-nested-images columns-default is-cropped wp-block-gallery-1 is-layout-flex wp-block-gallery-is-layout-flex\">\n<figure class=\"wp-block-image size-large\"><img loading=\"lazy\" decoding=\"async\" width=\"1024\" height=\"768\" data-id=\"7781\" src=\"http:\/\/www.lalpaga-superbesse.fr\/wp-content\/uploads\/2024\/12\/8-CHAMBRE-1-R2-1-1024x768.jpg\" alt=\"\" class=\"wp-image-7781\" srcset=\"http:\/\/www.lalpaga-superbesse.fr\/wp-content\/uploads\/2024\/12\/8-CHAMBRE-1-R2-1-1024x768.jpg 1024w, http:\/\/www.lalpaga-superbesse.fr\/wp-content\/uploads\/2024\/12\/8-CHAMBRE-1-R2-1-300x225.jpg 300w, http:\/\/www.lalpaga-superbesse.fr\/wp-content\/uploads\/2024\/12\/8-CHAMBRE-1-R2-1-768x576.jpg 768w, http:\/\/www.lalpaga-superbesse.fr\/wp-content\/uploads\/2024\/12\/8-CHAMBRE-1-R2-1-1536x1152.jpg 1536w, http:\/\/www.lalpaga-superbesse.fr\/wp-content\/uploads\/2024\/12\/8-CHAMBRE-1-R2-1.jpg 2016w\" sizes=\"auto, (max-width: 1024px) 100vw, 1024px\" \/><\/figure>\n<\/figure>\n\n\n\n<figure class=\"wp-block-gallery has-nested-images columns-default is-cropped wp-block-gallery-2 is-layout-flex wp-block-gallery-is-layout-flex\">\n<figure class=\"wp-block-image size-large\"><img loading=\"lazy\" decoding=\"async\" width=\"404\" height=\"303\" data-id=\"245\" src=\"http:\/\/www.lalpaga-superbesse.fr\/wp-content\/uploads\/2020\/09\/14-CHAMBRE-FAMILLE-1-R-2-3.jpg\" alt=\"\" class=\"wp-image-245\" srcset=\"http:\/\/www.lalpaga-superbesse.fr\/wp-content\/uploads\/2020\/09\/14-CHAMBRE-FAMILLE-1-R-2-3.jpg 404w, http:\/\/www.lalpaga-superbesse.fr\/wp-content\/uploads\/2020\/09\/14-CHAMBRE-FAMILLE-1-R-2-3-300x225.jpg 300w\" sizes=\"auto, (max-width: 404px) 100vw, 404px\" \/><\/figure>\n<\/figure>\n\n\n\n<pre class=\"wp-block-verse\">Nich\u00e9 en haut du chalet, cette chambre famille est compos\u00e9e d'un lit double (en 140)\n et de 2 lits simples; Id\u00e9ale pour se retrouver en famille avec ses enfants.<\/pre>\n\n\n\n<p><\/p>\n","protected":false},"excerpt":{"rendered":"<p>Nich\u00e9 en haut du chalet, cette chambre famille est compos\u00e9e d&rsquo;un lit double (en 140) et de 2 lits simples; Id\u00e9ale pour se retrouver en famille avec ses enfants.<\/p>\n","protected":false},"author":1,"featured_media":0,"parent":0,"menu_order":0,"comment_status":"closed","ping_status":"closed","template":"","meta":{"footnotes":""},"class_list":["post-135","page","type-page","status-publish"],"_links":{"self":[{"href":"http:\/\/www.lalpaga-superbesse.fr\/index.php\/wp-json\/wp\/v2\/pages\/135","targetHints":{"allow":["GET"]}}],"collection":[{"href":"http:\/\/www.lalpaga-superbesse.fr\/index.php\/wp-json\/wp\/v2\/pages"}],"about":[{"href":"http:\/\/www.lalpaga-superbesse.fr\/index.php\/wp-json\/wp\/v2\/types\/page"}],"author":[{"embeddable":true,"href":"http:\/\/www.lalpaga-superbesse.fr\/index.php\/wp-json\/wp\/v2\/users\/1"}],"replies":[{"embeddable":true,"href":"http:\/\/www.lalpaga-superbesse.fr\/index.php\/wp-json\/wp\/v2\/comments?post=135"}],"version-history":[{"count":10,"href":"http:\/\/www.lalpaga-superbesse.fr\/index.php\/wp-json\/wp\/v2\/pages\/135\/revisions"}],"predecessor-version":[{"id":7783,"href":"http:\/\/www.lalpaga-superbesse.fr\/index.php\/wp-json\/wp\/v2\/pages\/135\/revisions\/7783"}],"wp:attachment":[{"href":"http:\/\/www.lalpaga-superbesse.fr\/index.php\/wp-json\/wp\/v2\/media?parent=135"}],"curies":[{"name":"wp","href":"https:\/\/api.w.org\/{rel}","templated":true}]}}