{"id":51,"date":"2019-12-13T21:10:49","date_gmt":"2019-12-13T21:10:49","guid":{"rendered":"http:\/\/192.168.1.200\/lalpaga\/?page_id=51"},"modified":"2024-12-16T23:37:11","modified_gmt":"2024-12-16T22:37:11","slug":"chambre-1","status":"publish","type":"page","link":"http:\/\/www.lalpaga-superbesse.fr\/index.php\/chambre-1\/","title":{"rendered":"Chambre Laponie"},"content":{"rendered":"\n<figure class=\"wp-block-image size-large\"><img loading=\"lazy\" decoding=\"async\" width=\"807\" height=\"605\" src=\"http:\/\/www.lalpaga-superbesse.fr\/wp-content\/uploads\/2020\/10\/12-CHAMBRE-2-RDC-1.jpg\" alt=\"\" class=\"wp-image-341\" srcset=\"http:\/\/www.lalpaga-superbesse.fr\/wp-content\/uploads\/2020\/10\/12-CHAMBRE-2-RDC-1.jpg 807w, http:\/\/www.lalpaga-superbesse.fr\/wp-content\/uploads\/2020\/10\/12-CHAMBRE-2-RDC-1-300x225.jpg 300w, http:\/\/www.lalpaga-superbesse.fr\/wp-content\/uploads\/2020\/10\/12-CHAMBRE-2-RDC-1-768x576.jpg 768w\" sizes=\"auto, (max-width: 807px) 100vw, 807px\" \/><\/figure>\n\n\n\n<p>Agr\u00e9able chambre au rez-de-chauss\u00e9e avec vue sur le jardin.<\/p>\n\n\n\n<p> Son univers blanc et bleu nous rappelle la Laponie et ses grandes \u00e9tendues blanches.<\/p>\n\n\n\n<p> Bien emmitoufl\u00e9 dans votre couette, vous pourrez profiter du calme pour vous reposer.<br><\/p>\n\n\n\n<p><\/p>\n\n\n\n<p><\/p>\n\n\n\n<p><\/p>\n","protected":false},"excerpt":{"rendered":"<p>Agr\u00e9able chambre au rez-de-chauss\u00e9e avec vue sur le jardin. Son univers blanc et bleu nous rappelle la Laponie et ses grandes \u00e9tendues blanches. Bien emmitoufl\u00e9 dans votre couette, vous pourrez profiter du calme pour vous reposer.<\/p>\n","protected":false},"author":1,"featured_media":0,"parent":0,"menu_order":0,"comment_status":"closed","ping_status":"closed","template":"","meta":{"footnotes":""},"class_list":["post-51","page","type-page","status-publish"],"_links":{"self":[{"href":"http:\/\/www.lalpaga-superbesse.fr\/index.php\/wp-json\/wp\/v2\/pages\/51","targetHints":{"allow":["GET"]}}],"collection":[{"href":"http:\/\/www.lalpaga-superbesse.fr\/index.php\/wp-json\/wp\/v2\/pages"}],"about":[{"href":"http:\/\/www.lalpaga-superbesse.fr\/index.php\/wp-json\/wp\/v2\/types\/page"}],"author":[{"embeddable":true,"href":"http:\/\/www.lalpaga-superbesse.fr\/index.php\/wp-json\/wp\/v2\/users\/1"}],"replies":[{"embeddable":true,"href":"http:\/\/www.lalpaga-superbesse.fr\/index.php\/wp-json\/wp\/v2\/comments?post=51"}],"version-history":[{"count":5,"href":"http:\/\/www.lalpaga-superbesse.fr\/index.php\/wp-json\/wp\/v2\/pages\/51\/revisions"}],"predecessor-version":[{"id":7876,"href":"http:\/\/www.lalpaga-superbesse.fr\/index.php\/wp-json\/wp\/v2\/pages\/51\/revisions\/7876"}],"wp:attachment":[{"href":"http:\/\/www.lalpaga-superbesse.fr\/index.php\/wp-json\/wp\/v2\/media?parent=51"}],"curies":[{"name":"wp","href":"https:\/\/api.w.org\/{rel}","templated":true}]}}